{"id":59,"date":"2019-06-17T23:47:45","date_gmt":"2019-06-17T21:47:45","guid":{"rendered":"https:\/\/eglisequartiermoulin.fr\/?page_id=59"},"modified":"2019-06-17T23:49:34","modified_gmt":"2019-06-17T21:49:34","slug":"actualites","status":"publish","type":"page","link":"https:\/\/eglisequartiermoulin.fr\/?page_id=59","title":{"rendered":"Actualit\u00e9s"},"content":{"rendered":"\n<p>L&rsquo;ann\u00e9e 2019 marque les 80 ans de le construction du b\u00e2timent actuel de notre \u00e9glise ! Plus de d\u00e9tails \u00e0 venir<\/p>\n","protected":false},"excerpt":{"rendered":"<p>L&rsquo;ann\u00e9e 2019 marque les 80 ans de le construction du b\u00e2timent actuel de notre \u00e9glise ! Plus de d\u00e9tails \u00e0 [&hellip;]<\/p>\n","protected":false},"author":1,"featured_media":0,"parent":0,"menu_order":0,"comment_status":"closed","ping_status":"closed","template":"","meta":[],"_links":{"self":[{"href":"https:\/\/eglisequartiermoulin.fr\/index.php?rest_route=\/wp\/v2\/pages\/59"}],"collection":[{"href":"https:\/\/eglisequartiermoulin.fr\/index.php?rest_route=\/wp\/v2\/pages"}],"about":[{"href":"https:\/\/eglisequartiermoulin.fr\/index.php?rest_route=\/wp\/v2\/types\/page"}],"author":[{"embeddable":true,"href":"https:\/\/eglisequartiermoulin.fr\/index.php?rest_route=\/wp\/v2\/users\/1"}],"replies":[{"embeddable":true,"href":"https:\/\/eglisequartiermoulin.fr\/index.php?rest_route=%2Fwp%2Fv2%2Fcomments&post=59"}],"version-history":[{"count":2,"href":"https:\/\/eglisequartiermoulin.fr\/index.php?rest_route=\/wp\/v2\/pages\/59\/revisions"}],"predecessor-version":[{"id":64,"href":"https:\/\/eglisequartiermoulin.fr\/index.php?rest_route=\/wp\/v2\/pages\/59\/revisions\/64"}],"wp:attachment":[{"href":"https:\/\/eglisequartiermoulin.fr\/index.php?rest_route=%2Fwp%2Fv2%2Fmedia&parent=59"}],"curies":[{"name":"wp","href":"https:\/\/api.w.org\/{rel}","templated":true}]}}